{"id":141,"date":"2018-08-09T07:34:28","date_gmt":"2018-08-09T05:34:28","guid":{"rendered":"http:\/\/mbp.chrzanow.pl\/wstroneniepodleglosci\/?page_id=141"},"modified":"2019-01-04T11:19:19","modified_gmt":"2019-01-04T10:19:19","slug":"141-2","status":"publish","type":"page","link":"https:\/\/mbp.chrzanow.pl\/wstroneniepodleglosci\/","title":{"rendered":""},"content":{"rendered":"\t\t<div data-elementor-type=\"wp-post\" data-elementor-id=\"141\" class=\"elementor elementor-141 elementor-bc-flex-widget\">\n\t\t\t\t\t\t<section class=\"elementor-section elementor-top-section elementor-element elementor-element-bffe0dd elementor-section-boxed elementor-section-height-default elementor-section-height-default\" data-id=\"bffe0dd\" data-element_type=\"section\" data-e-type=\"section\">\n\t\t\t\t\t\t<div class=\"elementor-container elementor-column-gap-default\">\n\t\t\t\t\t<div class=\"elementor-column elementor-col-100 elementor-top-column elementor-element elementor-element-44f186d\" data-id=\"44f186d\" data-element_type=\"column\" data-e-type=\"column\">\n\t\t\t<div class=\"elementor-widget-wrap elementor-element-populated\">\n\t\t\t\t\t\t<div class=\"elementor-element elementor-element-4ec1796 elementor-widget elementor-widget-text-editor\" data-id=\"4ec1796\" data-element_type=\"widget\" data-e-type=\"widget\" data-widget_type=\"text-editor.default\">\n\t\t\t\t<div class=\"elementor-widget-container\">\n\t\t\t\t\t\t\t\t\t<header style=\"margin-bottom: 2.61792em; border-bottom: 1px solid rgba(0, 0, 0, 0.05); color: #020202; font-family: 'Source Sans Pro', HelveticaNeue-Light, 'Helvetica Neue Light', 'Helvetica Neue', Helvetica, Arial, 'Lucida Grande', sans-serif;\"><h1 style=\"font-size: 2.61792em; margin-bottom: 0.540791em;\">\u201eW stron\u0119 Niepodleg\u0142o\u015bci\u201d dofinansowanego ze \u015brodk\u00f3w finansowych Narodowego Centrum Kultury w ramach Programu Kultura \u2013 Interwencje 2018.<\/h1><div>\u00a0<\/div><div>Projekt \u201eW stron\u0119 Niepodleg\u0142o\u015bci\u201d zak\u0142ada organizacj\u0119 dzia\u0142a\u0144, skierowanych do mieszka\u0144c\u00f3w powiatu chrzanowskiego, upami\u0119tniaj\u0105cych i przybli\u017caj\u0105cych uczestnikom wydarzenia, postaci i zjawiska z czas\u00f3w I wojny \u015bwiatowej. Odb\u0119d\u0105 si\u0119 spotkania z mieszka\u0144cami w plac\u00f3wkach bibliotecznych ca\u0142ego powiatu, w celu pozyskania, digitalizacji i utrwalenia pami\u0105tek z czas\u00f3w I wojny \u015bwiatowej i II Rzeczypospolitej. Na bazie zgromadzonego materia\u0142u zostanie przygotowana wystawa plenerowa. Po opracowaniu merytorycznym pozyskane archiwalia zostan\u0105 opublikowane. Zorganizowany b\u0119dzie te\u017c happening, podczas kt\u00f3rego zostanie podj\u0119ta pr\u00f3ba bicia rekordu liczby zgromadzonych legionist\u00f3w, nawi\u0105zuj\u0105ca do organizacji oddzia\u0142\u00f3w wychodz\u0105cych do Krakowa w 1914 r. W celu przygotowania do udzia\u0142u w happeningu odb\u0119d\u0105 si\u0119 warsztaty dla dzieci i m\u0142odzie\u017cy, kt\u00f3re poprzez zabaw\u0119 dostarcz\u0105 te\u017c podstawowej wiedzy na temat odradzania si\u0119 Polski. Wa\u017cnym elementem projektu b\u0119dzie wystawa w Muzeum i konferencja. Na projekt sk\u0142adaj\u0105 si\u0119 nast\u0119puj\u0105ce wydarzenia:<ol><li>Spotkania z mieszka\u0144cami powiatu chrzanowskiego \u201eOdkrywamy Niepodleg\u0142o\u015b\u0107\u201d \u2013 Miejska Biblioteka Publiczna w Chrzanowie oraz biblioteki pozosta\u0142ych gmin powiatu chrzanowskiego zaprosz\u0105 mieszka\u0144c\u00f3w na spotkania i dzielenie si\u0119 wspomnieniami, wiadomo\u015bciami, zdj\u0119ciami, dokumentami i wszelkimi innymi pami\u0105tkami z czas\u00f3w I wojny \u015bwiatowej oraz 20-lecia mi\u0119dzywojennego. Pozwoli to na zebranie przedmiot\u00f3w i informacji o uczestnictwie w I wojnie oraz budowie II Rzeczpospolitej mieszka\u0144c\u00f3w powiatu chrzanowskiego, cho\u0107by w postaci kopii czy danych biograficznych.<\/li><li>Opracowana zostanie strona internetowa projektu, na kt\u00f3rej b\u0119d\u0105 umieszczane zapowiedzi wydarze\u0144 i relacje z nich.<\/li><li>Warsztaty dla dzieci, dzi\u0119ki kt\u00f3rym poprzez zabaw\u0119 zostanie uczestnikom przybli\u017cona historia Polski. Przygotuj\u0105 one do udzia\u0142u w happeningu i bicia rekordu.<\/li><li>Warsztaty dla podopiecznych Fundacji Brata Alberta w Chrzanowie, Specjalnego O\u015brodka Szkolno-Wychowawczego oraz pensjonariuszy dom\u00f3w opieki spo\u0142ecznej, kt\u00f3re pozwol\u0105 na udzia\u0142 tej grupy w happeningu.<\/li><li>Warsztaty edukacyjne dla m\u0142odzie\u017cy, przybli\u017caj\u0105ce histori\u0119 Polski niepodleg\u0142ej w tym dzieje legion\u00f3w i biografie ojc\u00f3w niepodleg\u0142o\u015bci, kt\u00f3re przygotuj\u0105 do aktywnego i \u015bwiadomego udzia\u0142u w konferencji. Podczas zaj\u0119\u0107 b\u0119d\u0105 przygotowywane stroje wykorzystane podczas happeningu.<\/li><li>Wystawa plenerowa przygotowana na podstawie zebranych od mieszka\u0144c\u00f3w artefakt\u00f3w, prezentowana w 5 gminach powiatu. B\u0119dzie ona gotowa do wypo\u017cyczenia. Na zasadach wolnej licencji b\u0119dzie te\u017c udost\u0119pniony jej cyfrowy projekt gotowy do wydrukowania.<\/li><li>Happening, podczas kt\u00f3rego przedszkolaki i uczniowie ze szk\u00f3\u0142 powiatu chrzanowskiego i wszyscy ch\u0119tni mieszka\u0144cy zgromadz\u0105 si\u0119 z atrybutami legionisty. Uczestnicy przejd\u0105 ulicami miasta. B\u0119dzie to nawi\u0105zanie do wymarszu oddzia\u0142\u00f3w ochotnik\u00f3w z Chrzanowa do Krakowa, jakie mia\u0142o miejsce w 1914 r. Podj\u0119ta zostanie pr\u00f3ba ustanowienia rekordu liczby os\u00f3b przebranych za legionist\u00f3w zgromadzonych w Chrzanowie.<\/li><li>Wystawa w Muzeum w Chrzanowie po\u015bwi\u0119cona I wojnie \u015bwiatowej i drodze Polak\u00f3w do Niepodleg\u0142o\u015bci, przygotowana w oparciu o zbiory w\u0142asne Muzeum oraz wypo\u017cyczenia z muze\u00f3w krakowskich. Przybli\u017cy ona przebieg dzia\u0142a\u0144 wojennych na frontach I wojny \u015bwiatowej, codzienno\u015b\u0107 \u017co\u0142nierzy, spos\u00f3b sp\u0119dzania wolnego czasu. Poka\u017ce te\u017c wybrane aspekty nast\u0119pstw prowadzonych dzia\u0142a\u0144 wojennych.<\/li><li>Publikacja przygotowana w oparciu o materia\u0142y zebrane podczas spotka\u0144 z mieszka\u0144cami powiatu chrzanowskiego, opracowane przez muzealnik\u00f3w i opublikowane.<\/li><li>Konferencja, na kt\u00f3rej zostanie przedstawiona historia dzia\u0142aj\u0105cych w Chrzanowie i niekt\u00f3rych miejscowo\u015bciach powiatu organizacji patriotycznych i paramilitarnych, udziale chrzanowian w walkach na frontach I wojny i budowie II RP. Konferencji b\u0119dzie towarzyszy\u0142a promocja ksi\u0105\u017cki wspomnianej wy\u017cej.<\/li><li>Koncert pie\u015bni patriotycznych w wykonaniu ch\u00f3r\u00f3w zar\u00f3wno szkolnych jak i sk\u0142adaj\u0105cych si\u0119 z os\u00f3b doros\u0142ych .<\/li><li>Film dokumentuj\u0105cy wydarzenia realizowane w ramach projektu, b\u0119d\u0105cy zapisem spotka\u0144 z mieszka\u0144cami, ich opowie\u015bci rodzinnych i prze\u017cy\u0107, a tak\u017ce pokazuj\u0105cy uczestnictwo w zaplanowanych dzia\u0142aniach.<\/li><\/ol><\/div><\/header><div style=\"width: 1063.97px; float: none; margin-right: 0px; color: #020202; font-family: 'Source Sans Pro', HelveticaNeue-Light, 'Helvetica Neue Light', 'Helvetica Neue', Helvetica, Arial, 'Lucida Grande', sans-serif;\"><section data-id=\"33acacb6\" data-element_type=\"section\" data-model-cid=\"c24\"><div style=\"width: 1063.97px;\">\u00a0<\/div><\/section><\/div>\t\t\t\t\t\t\t\t<\/div>\n\t\t\t\t<\/div>\n\t\t\t\t\t<\/div>\n\t\t<\/div>\n\t\t\t\t\t<\/div>\n\t\t<\/section>\n\t\t\t\t<\/div>\n\t\t","protected":false},"excerpt":{"rendered":"<p>\u201eW stron\u0119 Niepodleg\u0142o\u015bci\u201d dofinansowanego ze \u015brodk\u00f3w finansowych Narodowego Centrum Kultury w ramach Programu Kultura \u2013 Interwencje 2018. \u00a0Projekt \u201eW stron\u0119 Niepodleg\u0142o\u015bci\u201d zak\u0142ada organizacj\u0119 dzia\u0142a\u0144, skierowanych do mieszka\u0144c\u00f3w powiatu chrzanowskiego, upami\u0119tniaj\u0105cych i przybli\u017caj\u0105cych uczestnikom wydarzenia, postaci i zjawiska z czas\u00f3w I wojny \u015bwiatowej. Odb\u0119d\u0105 si\u0119 spotkania z mieszka\u0144cami w plac\u00f3wkach bibliotecznych ca\u0142ego powiatu, w celu pozyskania, [&hellip;]<\/p>\n","protected":false},"author":1,"featured_media":0,"parent":0,"menu_order":0,"comment_status":"closed","ping_status":"closed","template":"","meta":{"footnotes":""},"class_list":["post-141","page","type-page","status-publish","hentry"],"_links":{"self":[{"href":"https:\/\/mbp.chrzanow.pl\/wstroneniepodleglosci\/index.php\/wp-json\/wp\/v2\/pages\/141","targetHints":{"allow":["GET"]}}],"collection":[{"href":"https:\/\/mbp.chrzanow.pl\/wstroneniepodleglosci\/index.php\/wp-json\/wp\/v2\/pages"}],"about":[{"href":"https:\/\/mbp.chrzanow.pl\/wstroneniepodleglosci\/index.php\/wp-json\/wp\/v2\/types\/page"}],"author":[{"embeddable":true,"href":"https:\/\/mbp.chrzanow.pl\/wstroneniepodleglosci\/index.php\/wp-json\/wp\/v2\/users\/1"}],"replies":[{"embeddable":true,"href":"https:\/\/mbp.chrzanow.pl\/wstroneniepodleglosci\/index.php\/wp-json\/wp\/v2\/comments?post=141"}],"version-history":[{"count":5,"href":"https:\/\/mbp.chrzanow.pl\/wstroneniepodleglosci\/index.php\/wp-json\/wp\/v2\/pages\/141\/revisions"}],"predecessor-version":[{"id":541,"href":"https:\/\/mbp.chrzanow.pl\/wstroneniepodleglosci\/index.php\/wp-json\/wp\/v2\/pages\/141\/revisions\/541"}],"wp:attachment":[{"href":"https:\/\/mbp.chrzanow.pl\/wstroneniepodleglosci\/index.php\/wp-json\/wp\/v2\/media?parent=141"}],"curies":[{"name":"wp","href":"https:\/\/api.w.org\/{rel}","templated":true}]}}