{"id":239,"date":"2018-08-09T13:52:21","date_gmt":"2018-08-09T11:52:21","guid":{"rendered":"https:\/\/mbp.chrzanow.pl\/wstroneniepodleglosci\/?page_id=239"},"modified":"2018-12-14T10:59:47","modified_gmt":"2018-12-14T09:59:47","slug":"dla-mediow","status":"publish","type":"page","link":"https:\/\/mbp.chrzanow.pl\/wstroneniepodleglosci\/index.php\/dla-mediow\/","title":{"rendered":"Dla medi\u00f3w"},"content":{"rendered":"\t\t<div data-elementor-type=\"wp-post\" data-elementor-id=\"239\" class=\"elementor elementor-239 elementor-bc-flex-widget\">\n\t\t\t\t\t\t<section class=\"elementor-section elementor-top-section elementor-element elementor-element-fb79805 elementor-section-boxed elementor-section-height-default elementor-section-height-default\" data-id=\"fb79805\" data-element_type=\"section\" data-e-type=\"section\">\n\t\t\t\t\t\t<div class=\"elementor-container elementor-column-gap-default\">\n\t\t\t\t\t<div class=\"elementor-column elementor-col-100 elementor-top-column elementor-element elementor-element-67c18bd\" data-id=\"67c18bd\" data-element_type=\"column\" data-e-type=\"column\">\n\t\t\t<div class=\"elementor-widget-wrap elementor-element-populated\">\n\t\t\t\t\t\t<div class=\"elementor-element elementor-element-a94284a elementor-widget elementor-widget-text-editor\" data-id=\"a94284a\" data-element_type=\"widget\" data-e-type=\"widget\" data-widget_type=\"text-editor.default\">\n\t\t\t\t<div class=\"elementor-widget-container\">\n\t\t\t\t\t\t\t\t\t<p>\u201e\u2026burza, o kt\u00f3r\u0105 modli\u0142y si\u0119 pokolenia polskie \/T. Katelbach\/\u201d to wystawa ukazuj\u0105ca<\/p><p>r\u00f3\u017cne oblicza I wojny \u015bwiatowej. Archiwalne fotografie przybli\u017c\u0105 frontow\u0105 codzienno\u015b\u0107 lat<\/p><p>1914-1918: formacje wojskowe, umundurowanie, uzbrojenie, \u017cycie codzienne \u017co\u0142nierzy w<\/p><p>okopach i na ty\u0142ach, zniszczenia wojenne. Obraz ten b\u0119dzie uzupe\u0142niony realiami z okresu.<\/p><p>Zdj\u0119cia i eksponaty wykorzystane do przygotowania wystawy pochodz\u0105 ze zbior\u00f3w Muzeum<\/p><p>w Chrzanowie, Muzeum Historycznego Miasta Krakowa, Muzeum Narodowego w Krakowie,<\/p><p>z archiwum parafii \u015bw. Miko\u0142aja w Chrzanowie i zbior\u00f3w prywatnych mieszka\u0144c\u00f3w powiatu<\/p><p>chrzanowskiego.<\/p><p>Otwarcie wystawy nast\u0105pi 24 wrze\u015bnia br. o godz. 13.00 w Oddziale Wystaw<\/p><p>Czasowych Muzeum w Chrzanowie \u2013 Domu Urba\u0144czyka, Aleja Henryka 16. Potrwa ona do<\/p><p>28 listopada.<\/p><p>Wystawa ta jest elementem dzia\u0142a\u0144 pod nazw\u0105 \u201eW stron\u0119 Niepodleg\u0142o\u015bci\u201d, kt\u00f3re<\/p><p>uzyska\u0142y dofinansowanie z funduszy Narodowego Centrum Kultury w ramach Programu<\/p><p>Kultura \u2013 Interwencje 2018.<\/p>\t\t\t\t\t\t\t\t<\/div>\n\t\t\t\t<\/div>\n\t\t\t\t\t<\/div>\n\t\t<\/div>\n\t\t\t\t\t<\/div>\n\t\t<\/section>\n\t\t\t\t<\/div>\n\t\t","protected":false},"excerpt":{"rendered":"<p>\u201e\u2026burza, o kt\u00f3r\u0105 modli\u0142y si\u0119 pokolenia polskie \/T. Katelbach\/\u201d to wystawa ukazuj\u0105ca r\u00f3\u017cne oblicza I wojny \u015bwiatowej. Archiwalne fotografie przybli\u017c\u0105 frontow\u0105 codzienno\u015b\u0107 lat 1914-1918: formacje wojskowe, umundurowanie, uzbrojenie, \u017cycie codzienne \u017co\u0142nierzy w okopach i na ty\u0142ach, zniszczenia wojenne. Obraz ten b\u0119dzie uzupe\u0142niony realiami z okresu. Zdj\u0119cia i eksponaty wykorzystane do przygotowania wystawy pochodz\u0105 ze zbior\u00f3w [&hellip;]<\/p>\n","protected":false},"author":1,"featured_media":0,"parent":0,"menu_order":0,"comment_status":"closed","ping_status":"closed","template":"","meta":{"footnotes":""},"class_list":["post-239","page","type-page","status-publish","hentry"],"_links":{"self":[{"href":"https:\/\/mbp.chrzanow.pl\/wstroneniepodleglosci\/index.php\/wp-json\/wp\/v2\/pages\/239","targetHints":{"allow":["GET"]}}],"collection":[{"href":"https:\/\/mbp.chrzanow.pl\/wstroneniepodleglosci\/index.php\/wp-json\/wp\/v2\/pages"}],"about":[{"href":"https:\/\/mbp.chrzanow.pl\/wstroneniepodleglosci\/index.php\/wp-json\/wp\/v2\/types\/page"}],"author":[{"embeddable":true,"href":"https:\/\/mbp.chrzanow.pl\/wstroneniepodleglosci\/index.php\/wp-json\/wp\/v2\/users\/1"}],"replies":[{"embeddable":true,"href":"https:\/\/mbp.chrzanow.pl\/wstroneniepodleglosci\/index.php\/wp-json\/wp\/v2\/comments?post=239"}],"version-history":[{"count":3,"href":"https:\/\/mbp.chrzanow.pl\/wstroneniepodleglosci\/index.php\/wp-json\/wp\/v2\/pages\/239\/revisions"}],"predecessor-version":[{"id":336,"href":"https:\/\/mbp.chrzanow.pl\/wstroneniepodleglosci\/index.php\/wp-json\/wp\/v2\/pages\/239\/revisions\/336"}],"wp:attachment":[{"href":"https:\/\/mbp.chrzanow.pl\/wstroneniepodleglosci\/index.php\/wp-json\/wp\/v2\/media?parent=239"}],"curies":[{"name":"wp","href":"https:\/\/api.w.org\/{rel}","templated":true}]}}

Dla mediów

<div data-elementor-type="wp-post" data-elementor-id="239" class="elementor elementor-239 elementor-bc-flex-widget">
						<section class="elementor-section elementor-top-section elementor-element elementor-element-fb79805 elementor-section-boxed elementor-section-height-default elementor-section-height-default" data-id="fb79805" data-element_type="section" data-e-type="section">
						<div class="elementor-container elementor-column-gap-default">
					<div class="elementor-column elementor-col-100 elementor-top-column elementor-element elementor-element-67c18bd" data-id="67c18bd" data-element_type="column" data-e-type="column">
			<div class="elementor-widget-wrap elementor-element-populated">
						<div class="elementor-element elementor-element-a94284a elementor-widget elementor-widget-text-editor" data-id="a94284a" data-element_type="widget" data-e-type="widget" data-widget_type="text-editor.default">
				<div class="elementor-widget-container">
									<p>„…burza, o którą modliły się pokolenia polskie /T. Katelbach/” to wystawa ukazująca</p><p>różne oblicza I wojny światowej. Archiwalne fotografie przybliżą frontową codzienność lat</p><p>1914-1918: formacje wojskowe, umundurowanie, uzbrojenie, życie codzienne żołnierzy w</p><p>okopach i na tyłach, zniszczenia wojenne. Obraz ten będzie uzupełniony realiami z okresu.</p><p>Zdjęcia i eksponaty wykorzystane do przygotowania wystawy pochodzą ze zbiorów Muzeum</p><p>w Chrzanowie, Muzeum Historycznego Miasta Krakowa, Muzeum Narodowego w Krakowie,</p><p>z archiwum parafii św. Mikołaja w Chrzanowie i zbiorów prywatnych mieszkańców powiatu</p><p>chrzanowskiego.</p><p>Otwarcie wystawy nastąpi 24 września br. o godz. 13.00 w Oddziale Wystaw</p><p>Czasowych Muzeum w Chrzanowie – Domu Urbańczyka, Aleja Henryka 16. Potrwa ona do</p><p>28 listopada.</p><p>Wystawa ta jest elementem działań pod nazwą „W stronę Niepodległości”, które</p><p>uzyskały dofinansowanie z funduszy Narodowego Centrum Kultury w ramach Programu</p><p>Kultura – Interwencje 2018.</p>								</div>
				</div>
					</div>
		</div>
					</div>
		</section>
				</div>

<p>„…burza, o którą modliły się pokolenia polskie /T. Katelbach/” to wystawa ukazująca różne oblicza I wojny światowej. Archiwalne fotografie przybliżą frontową codzienność lat 1914-1918: formacje wojskowe, umundurowanie, uzbrojenie, życie codzienne żołnierzy w okopach i na tyłach, zniszczenia wojenne. Obraz ten będzie uzupełniony realiami z okresu. Zdjęcia i eksponaty wykorzystane do przygotowania wystawy pochodzą ze zbiorów [&hellip;]</p>
